{"id":15,"date":"2022-09-25T12:21:22","date_gmt":"2022-09-25T12:21:22","guid":{"rendered":"http:\/\/naru-suisse.org\/?page_id=15"},"modified":"2022-10-05T08:26:08","modified_gmt":"2022-10-05T08:26:08","slug":"guinea-bissau-land-gesellschaft","status":"publish","type":"page","link":"https:\/\/naru-suisse.org\/?page_id=15","title":{"rendered":"Guinea Bissau &#8211; Land, Gesellschaft, Geographie und Klima"},"content":{"rendered":"\n<p>Guinea Bissau ist ein westafrikanischer Staat am Atlantik gelegen. Der n\u00f6rdliche Nachbarstaat ist Senegal, der s\u00fcdliche Nachbarstaat Guinea-Conakry. Die ehemalige portugiesische Kolonie erlangte erst 1975 nach 15-j\u00e4hrigem Befreiungskampf seine Unabh\u00e4ngigkeit.<\/p>\n\n\n\n<p>Die Hauptstadt Bissau hat rund 400.000 Einwohner und ist mit Abstand die gr\u00f6sste Stadt des Landes. Die zweitgr\u00f6sste Stadt Bafata im Nordosten des Landes hat 40.000 Einwohner. Guinea Bissau befindet sich s\u00fcdlich des Sahelg\u00fcrtels auf dem 11. n\u00f6rdlichen Breitengrad. Das Klima ist tropisch.<\/p>\n\n\n\n<p>Das Land ist fruchtbar und gr\u00fcn, auch in den Monaten der Trockenzeit. Die Trockenzeit dauert von November bis Mai, die Regenzeit von Juni bis Oktober mit dem H\u00f6hepunkt August und September. Die Temperaturen sind ganzj\u00e4hrig sehr hoch, 28-35\u00b0, im Landesinneren \u00fcber 40\u00b0.<\/p>\n\n\n\n<p>Das Land ist flach. Ebbe und Flut sind sehr stark, die Wasser des Atlantiks dringen in einem breit gef\u00e4cherten Flusssystem tief ins Landesinnere ein und formen eine ausgedehnte Mangrovenlandschaft in K\u00fcstenn\u00e4he.<\/p>\n\n\n\n<p>K\u00fcstenferne Gebiete pr\u00e4gt ein Landschaftsmix aus Savannen, W\u00e4ldern und Reisfeldern. Die weit verbreitete Anpflanzung von Cashewb\u00e4umen bestimmt die Landschaft in vielen Gegenden.<\/p>\n\n\n\n<p>Die Bev\u00f6lkerung setzt sich aus Angeh\u00f6rigen von etwa 25 verschiedenen Ethnien zusammen. Die 5 gr\u00f6ssten ethnischen Gruppen sind: Fulas, Balantas, Mandingas, Papel und Manjacos.<\/p>\n\n\n\n<p>Die offizielle Landessprache ist Portugiesisch, die Bev\u00f6lkerung bevorzugt das portugiesische Kreol, daneben gibt es zahlreiche Regionalsprachen der einzelnen Ethnien.<\/p>\n\n\n\n<p>In Guinea Bissau leben Christen, Muslime und Animisten friedlich nebeneinander, wobei der Anteil der christlichen Bev\u00f6lkerung mit rund 30-40% gegen\u00fcber den westafrikanischen Nachbarl\u00e4ndern deutlich h\u00f6her ist.<\/p>\n\n\n\n<p>Die Haupteinnahmequelle weiter Teile der Bev\u00f6lkerung sind die Landwirtschaft, Viehhaltung und Fischerei.<\/p>\n","protected":false},"excerpt":{"rendered":"<p>Guinea Bissau ist ein westafrikanischer Staat am Atlantik gelegen. Der n\u00f6rdliche Nachbarstaat ist Senegal, der s\u00fcdliche Nachbarstaat Guinea-Conakry. Die ehemalige portugiesische Kolonie erlangte erst 1975 nach 15-j\u00e4hrigem Befreiungskampf seine Unabh\u00e4ngigkeit. Die Hauptstadt Bissau hat rund 400.000 Einwohner und ist mit Abstand die gr\u00f6sste Stadt des Landes. Die zweitgr\u00f6sste Stadt Bafata im Nordosten des Landes hat<a class=\"more-link\" href=\"https:\/\/naru-suisse.org\/?page_id=15\">Continue reading <span class=\"screen-reader-text\">&#171;Guinea Bissau &#8211; Land, Gesellschaft, Geographie und Klima&#187;<\/span><\/a><\/p>\n","protected":false},"author":1,"featured_media":0,"parent":0,"menu_order":0,"comment_status":"closed","ping_status":"closed","template":"","meta":[],"_links":{"self":[{"href":"https:\/\/naru-suisse.org\/index.php?rest_route=\/wp\/v2\/pages\/15"}],"collection":[{"href":"https:\/\/naru-suisse.org\/index.php?rest_route=\/wp\/v2\/pages"}],"about":[{"href":"https:\/\/naru-suisse.org\/index.php?rest_route=\/wp\/v2\/types\/page"}],"author":[{"embeddable":true,"href":"https:\/\/naru-suisse.org\/index.php?rest_route=\/wp\/v2\/users\/1"}],"replies":[{"embeddable":true,"href":"https:\/\/naru-suisse.org\/index.php?rest_route=%2Fwp%2Fv2%2Fcomments&post=15"}],"version-history":[{"count":6,"href":"https:\/\/naru-suisse.org\/index.php?rest_route=\/wp\/v2\/pages\/15\/revisions"}],"predecessor-version":[{"id":104,"href":"https:\/\/naru-suisse.org\/index.php?rest_route=\/wp\/v2\/pages\/15\/revisions\/104"}],"wp:attachment":[{"href":"https:\/\/naru-suisse.org\/index.php?rest_route=%2Fwp%2Fv2%2Fmedia&parent=15"}],"curies":[{"name":"wp","href":"https:\/\/api.w.org\/{rel}","templated":true}]}}