{"id":6,"date":"2022-09-25T12:58:59","date_gmt":"2022-09-25T12:58:59","guid":{"rendered":"http:\/\/naru-suisse.org\/?page_id=6"},"modified":"2022-10-11T12:22:42","modified_gmt":"2022-10-11T12:22:42","slug":"home","status":"publish","type":"page","link":"https:\/\/naru-suisse.org\/","title":{"rendered":"Home"},"content":{"rendered":"\n<div class=\"wp-block-cover\" style=\"min-height:306px\"><span aria-hidden=\"true\" class=\"wp-block-cover__background has-background-dim-0 has-background-dim\"><\/span><img loading=\"lazy\" width=\"1299\" height=\"376\" class=\"wp-block-cover__image-background wp-image-96\" alt=\"NARU Suisse\" src=\"http:\/\/naru-suisse.org\/wp-content\/uploads\/2022\/10\/Bild-1.png\" data-object-fit=\"cover\" srcset=\"https:\/\/naru-suisse.org\/wp-content\/uploads\/2022\/10\/Bild-1.png 1299w, https:\/\/naru-suisse.org\/wp-content\/uploads\/2022\/10\/Bild-1-300x87.png 300w, https:\/\/naru-suisse.org\/wp-content\/uploads\/2022\/10\/Bild-1-1024x296.png 1024w, https:\/\/naru-suisse.org\/wp-content\/uploads\/2022\/10\/Bild-1-768x222.png 768w\" sizes=\"(max-width: 1299px) 100vw, 1299px\" \/><div class=\"wp-block-cover__inner-container\">\n<p class=\"has-text-align-center has-background-color has-text-color has-huge-font-size\"><strong>Herzlich Willkommen auf der Website<\/strong><\/p>\n\n\n\n<p class=\"has-text-align-center has-background-color has-text-color has-huge-font-size\"><strong>der NGO <\/strong><\/p>\n\n\n\n<p class=\"has-text-align-center has-background-color has-text-color has-huge-font-size\"><strong>NARU Suisse<\/strong><\/p>\n<\/div><\/div>\n\n\n\n<p class=\"has-text-align-center\">Die NGO <em>NARU Suisse<\/em> f\u00f6rdert und unterst\u00fctzt Entwicklungs- und Umweltprojekte in dem westafrikanischen Land Guinea Bissau, insbesondere die Aktivit\u00e4ten unserer Partnerorganisation vor Ort in der Hauptstadt Bissau ans\u00e4ssigen NGO <em>NARU Navitas Ruralium<\/em>.<\/p>\n\n\n\n<p><em>NARU Suisse<\/em> f\u00f6rdert in den l\u00e4ndlichen Regionen Guinea-Bissaus folgende Projektvorhaben in den Bereichen Entwicklungs- und Umwelt, mit dem Schwerpunkt:<\/p>\n\n\n\n<p><strong>Solarenergie<\/strong> (Micro- und Mini-Grids f\u00fcr die Stromversorgung von Haushalten und das Kleingewerbe, Solar-Werkst\u00e4tten f\u00fcr die Kleinindustrie),<\/p>\n\n\n\n<p>Des Weiteren f\u00f6rdert <em>NARU Suisse <\/em>den Aufbau von <strong>Wasserversorgungssystemen <\/strong>und <strong>Permakultur-Projekte<\/strong>, jeweils in Verbindung mit verschiedenen <strong>Ausbildungsprogrammen.<\/strong><strong><br><br><\/strong><\/p>\n\n\n\n<p>Auf dieser Website finden Sie Informationen \u00fcber die verschiedenen Projektvorhaben, die von <em>NARU Suisse<\/em> gef\u00f6rdert werden sollen, die Aktivit\u00e4ten unserer lokalen Partnerorganisation, der NGO <em>NARU Navitas Ruralium<\/em> vor Ort in Bissau, sowie Informationen \u00fcber die soziale und \u00f6konomische Situation in Guinea-Bissau, den Stand der Energieversorgung im Land sowie \u00fcber die Bev\u00f6lkerung, Klima und Geographie Guinea-Bissaus.<\/p>\n","protected":false},"excerpt":{"rendered":"<p>Die NGO NARU Suisse f\u00f6rdert und unterst\u00fctzt Entwicklungs- und Umweltprojekte in dem westafrikanischen Land Guinea Bissau, insbesondere die Aktivit\u00e4ten unserer Partnerorganisation vor Ort in der Hauptstadt Bissau ans\u00e4ssigen NGO NARU Navitas Ruralium. NARU Suisse f\u00f6rdert in den l\u00e4ndlichen Regionen Guinea-Bissaus folgende Projektvorhaben in den Bereichen Entwicklungs- und Umwelt, mit dem Schwerpunkt: Solarenergie (Micro- und Mini-Grids<a class=\"more-link\" href=\"https:\/\/naru-suisse.org\/\">Continue reading <span class=\"screen-reader-text\">&#171;Home&#187;<\/span><\/a><\/p>\n","protected":false},"author":1,"featured_media":0,"parent":0,"menu_order":0,"comment_status":"closed","ping_status":"closed","template":"","meta":[],"_links":{"self":[{"href":"https:\/\/naru-suisse.org\/index.php?rest_route=\/wp\/v2\/pages\/6"}],"collection":[{"href":"https:\/\/naru-suisse.org\/index.php?rest_route=\/wp\/v2\/pages"}],"about":[{"href":"https:\/\/naru-suisse.org\/index.php?rest_route=\/wp\/v2\/types\/page"}],"author":[{"embeddable":true,"href":"https:\/\/naru-suisse.org\/index.php?rest_route=\/wp\/v2\/users\/1"}],"replies":[{"embeddable":true,"href":"https:\/\/naru-suisse.org\/index.php?rest_route=%2Fwp%2Fv2%2Fcomments&post=6"}],"version-history":[{"count":13,"href":"https:\/\/naru-suisse.org\/index.php?rest_route=\/wp\/v2\/pages\/6\/revisions"}],"predecessor-version":[{"id":230,"href":"https:\/\/naru-suisse.org\/index.php?rest_route=\/wp\/v2\/pages\/6\/revisions\/230"}],"wp:attachment":[{"href":"https:\/\/naru-suisse.org\/index.php?rest_route=%2Fwp%2Fv2%2Fmedia&parent=6"}],"curies":[{"name":"wp","href":"https:\/\/api.w.org\/{rel}","templated":true}]}}